{"id":74,"date":"2019-07-02T20:13:45","date_gmt":"2019-07-02T20:13:45","guid":{"rendered":"https:\/\/ehc-mo.ch\/?page_id=74"},"modified":"2019-07-11T18:03:47","modified_gmt":"2019-07-11T17:03:47","slug":"spielbetrieb","status":"publish","type":"page","link":"https:\/\/ehc-mo.ch\/?page_id=74","title":{"rendered":"Spielbetrieb"},"content":{"rendered":"\n<p><strong>Der\nBereich Spielbetrieb und seine Aufgaben<\/strong><\/p>\n\n\n\n<p><strong>Punktrichter<\/strong><br>\nDer Punktrichter erstellt den offiziellen Spielbericht. Die\nAufstellungen beider Mannschaften m\u00fcssen gem. Reglement eine Stunde vor\nSpielbeginn beim Punktrichter abgegeben werden. Danach wird das Tool Reporter\nvon Swiss Eishockey mit allen Daten gef\u00fcttert. Diese Daten erscheinen dann auf\nder Homepage von Swiss Eishockey. W\u00e4hrend des Spiels werden die Tore und\nStrafen unmittelbar ins Reportersystem eingetragen und \u00fcbermittelt. Das\nMatchblatt muss nach dem Spiel von beiden Mannschaften und den Schiedsrichtern\nunterschrieben werden und wird danach den Schiedsrichtern abgegeben.<br>\n<br>\n<\/p>\n\n\n\n<figure class=\"wp-block-image\"><img loading=\"lazy\" decoding=\"async\" width=\"343\" height=\"257\" src=\"https:\/\/ehc-mo.ch\/wp-content\/uploads\/2019\/07\/p002_1_00.jpg\" alt=\"Punktrichter\" class=\"wp-image-137\" srcset=\"https:\/\/ehc-mo.ch\/wp-content\/uploads\/2019\/07\/p002_1_00.jpg 343w, https:\/\/ehc-mo.ch\/wp-content\/uploads\/2019\/07\/p002_1_00-300x225.jpg 300w\" sizes=\"auto, (max-width: 343px) 100vw, 343px\" \/><\/figure>\n\n\n\n<p><strong>Strafbank\n<\/strong><br>\nAuf jeder Seite der Strafbank ist ein Funktion\u00e4r zugegen. Er\nbedient die Strafbankt\u00fcre und ist verantwortlich, dass die bestraften Spieler\nzur richtigen Zeit wieder aufs Eis gelangen. Wenn mehrere Spieler gleichzeitig\nauf der Strafbank sitzen erfordert dieser Job einige Konzentration<\/p>\n\n\n\n<div class=\"wp-block-columns has-2-columns is-layout-flex wp-container-core-columns-is-layout-9d6595d7 wp-block-columns-is-layout-flex\">\n<div class=\"wp-block-column is-layout-flow wp-block-column-is-layout-flow\">\n<figure class=\"wp-block-image\"><img loading=\"lazy\" decoding=\"async\" width=\"325\" height=\"217\" src=\"https:\/\/ehc-mo.ch\/wp-content\/uploads\/2019\/07\/DSC00906.jpg\" alt=\"\" class=\"wp-image-138\" srcset=\"https:\/\/ehc-mo.ch\/wp-content\/uploads\/2019\/07\/DSC00906.jpg 325w, https:\/\/ehc-mo.ch\/wp-content\/uploads\/2019\/07\/DSC00906-300x200.jpg 300w\" sizes=\"auto, (max-width: 325px) 100vw, 325px\" \/><\/figure>\n<\/div>\n\n\n\n<div class=\"wp-block-column is-layout-flow wp-block-column-is-layout-flow\">\n<figure class=\"wp-block-image\"><img loading=\"lazy\" decoding=\"async\" width=\"325\" height=\"217\" src=\"https:\/\/ehc-mo.ch\/wp-content\/uploads\/2019\/07\/DSC00905.jpg\" alt=\"\" class=\"wp-image-139\" srcset=\"https:\/\/ehc-mo.ch\/wp-content\/uploads\/2019\/07\/DSC00905.jpg 325w, https:\/\/ehc-mo.ch\/wp-content\/uploads\/2019\/07\/DSC00905-300x200.jpg 300w\" sizes=\"auto, (max-width: 325px) 100vw, 325px\" \/><\/figure>\n<\/div>\n<\/div>\n\n\n\n<p><strong>Stadionspeaker \/ DJ<\/strong><br>\nDer Stadionspeaker gibt vor und w\u00e4hrend des Spiels den\nZuschauern folgende Infos durch: Mannschaftsaufstellungen, Tore,\nZwischenresultate von andern aktuellen Spielen und vor allem auch Sponsoren und\nWerbung. Der DJ bedient die Musikanlage die w\u00e4hrend den Spielunterbr\u00fcchen\nstimmungsvolles Ambiente ins Stadion zaubern soll (je nach Spielstand versteht\nsich).<br>\n<br>\n<\/p>\n\n\n\n<div class=\"wp-block-columns has-2-columns is-layout-flex wp-container-core-columns-is-layout-9d6595d7 wp-block-columns-is-layout-flex\">\n<div class=\"wp-block-column is-layout-flow wp-block-column-is-layout-flow\">\n<figure class=\"wp-block-image\"><img loading=\"lazy\" decoding=\"async\" width=\"325\" height=\"243\" src=\"https:\/\/ehc-mo.ch\/wp-content\/uploads\/2019\/07\/P1000295.jpg\" alt=\"\" class=\"wp-image-140\" srcset=\"https:\/\/ehc-mo.ch\/wp-content\/uploads\/2019\/07\/P1000295.jpg 325w, https:\/\/ehc-mo.ch\/wp-content\/uploads\/2019\/07\/P1000295-300x224.jpg 300w\" sizes=\"auto, (max-width: 325px) 100vw, 325px\" \/><\/figure>\n<\/div>\n\n\n\n<div class=\"wp-block-column is-layout-flow wp-block-column-is-layout-flow\">\n<figure class=\"wp-block-image\"><img loading=\"lazy\" decoding=\"async\" width=\"325\" height=\"243\" src=\"https:\/\/ehc-mo.ch\/wp-content\/uploads\/2019\/07\/P1000298.jpg\" alt=\"\" class=\"wp-image-141\" srcset=\"https:\/\/ehc-mo.ch\/wp-content\/uploads\/2019\/07\/P1000298.jpg 325w, https:\/\/ehc-mo.ch\/wp-content\/uploads\/2019\/07\/P1000298-300x224.jpg 300w\" sizes=\"auto, (max-width: 325px) 100vw, 325px\" \/><\/figure>\n<\/div>\n<\/div>\n\n\n\n<p><strong>Zeitnehmer<\/strong><br>\nDer offizielle Zeitnehmer ist zust\u00e4ndig f\u00fcr die korrekte\nBedienung der Stadionuhr. W\u00e4hrend den Drittelspausen ist er verantwortlich f\u00fcr\ndie korrekte Einhaltung der Pausenzeit.<br>\n<br>\n<\/p>\n\n\n\n<figure class=\"wp-block-image\"><img loading=\"lazy\" decoding=\"async\" width=\"325\" height=\"243\" src=\"https:\/\/ehc-mo.ch\/wp-content\/uploads\/2019\/07\/P1000293.jpg\" alt=\"Zeitnemer\" class=\"wp-image-142\" srcset=\"https:\/\/ehc-mo.ch\/wp-content\/uploads\/2019\/07\/P1000293.jpg 325w, https:\/\/ehc-mo.ch\/wp-content\/uploads\/2019\/07\/P1000293-300x224.jpg 300w\" sizes=\"auto, (max-width: 325px) 100vw, 325px\" \/><\/figure>\n\n\n\n<p><strong>Sanit\u00e4t<\/strong><br>\nDie Sanit\u00e4t muss bei jedem Spiel im Stadion anwesend sein. F\u00fcr\nkleinere Verletzungen etc. ist die Sanit\u00e4t zust\u00e4ndig. Falls n\u00f6tig muss die\nSanit\u00e4t den Transport ins Spital organisieren und durchf\u00fchren.<\/p>\n\n\n\n<figure class=\"wp-block-image\"><img loading=\"lazy\" decoding=\"async\" width=\"325\" height=\"217\" src=\"https:\/\/ehc-mo.ch\/wp-content\/uploads\/2019\/07\/DSC00898.jpg\" alt=\"Sanit\u00e4t\" class=\"wp-image-143\" srcset=\"https:\/\/ehc-mo.ch\/wp-content\/uploads\/2019\/07\/DSC00898.jpg 325w, https:\/\/ehc-mo.ch\/wp-content\/uploads\/2019\/07\/DSC00898-300x200.jpg 300w\" sizes=\"auto, (max-width: 325px) 100vw, 325px\" \/><\/figure>\n","protected":false},"excerpt":{"rendered":"<p>Der Bereich Spielbetrieb und seine Aufgaben Punktrichter Der Punktrichter erstellt den offiziellen Spielbericht. Die Aufstellungen beider Mannschaften m\u00fcssen gem. Reglement eine Stunde vor Spielbeginn beim Punktrichter abgegeben werden. Danach wird das Tool Reporter von Swiss Eishockey mit allen Daten gef\u00fcttert. Diese Daten erscheinen dann auf der Homepage von Swiss Eishockey. W\u00e4hrend des Spiels werden die &hellip; <\/p>\n<p class=\"link-more\"><a href=\"https:\/\/ehc-mo.ch\/?page_id=74\" class=\"more-link\"><span class=\"screen-reader-text\">&#171;Spielbetrieb&#187;<\/span> weiterlesen<\/a><\/p>\n","protected":false},"author":1,"featured_media":0,"parent":0,"menu_order":0,"comment_status":"closed","ping_status":"closed","template":"","meta":{"footnotes":""},"class_list":["post-74","page","type-page","status-publish","hentry"],"_links":{"self":[{"href":"https:\/\/ehc-mo.ch\/index.php?rest_route=\/wp\/v2\/pages\/74","targetHints":{"allow":["GET"]}}],"collection":[{"href":"https:\/\/ehc-mo.ch\/index.php?rest_route=\/wp\/v2\/pages"}],"about":[{"href":"https:\/\/ehc-mo.ch\/index.php?rest_route=\/wp\/v2\/types\/page"}],"author":[{"embeddable":true,"href":"https:\/\/ehc-mo.ch\/index.php?rest_route=\/wp\/v2\/users\/1"}],"replies":[{"embeddable":true,"href":"https:\/\/ehc-mo.ch\/index.php?rest_route=%2Fwp%2Fv2%2Fcomments&post=74"}],"version-history":[{"count":4,"href":"https:\/\/ehc-mo.ch\/index.php?rest_route=\/wp\/v2\/pages\/74\/revisions"}],"predecessor-version":[{"id":262,"href":"https:\/\/ehc-mo.ch\/index.php?rest_route=\/wp\/v2\/pages\/74\/revisions\/262"}],"wp:attachment":[{"href":"https:\/\/ehc-mo.ch\/index.php?rest_route=%2Fwp%2Fv2%2Fmedia&parent=74"}],"curies":[{"name":"wp","href":"https:\/\/api.w.org\/{rel}","templated":true}]}}